b - 5*a, 31*b + 4*a - 16 = 33*b. Let d(s) be the first derivative of -s**4/4 - 7*s**3/3 - 7*s**2/2 - 2*s - 2. What is d(b)?
4
Let d(a) = -a + 38. Let b(h) = 6*h - 202. Let g(s) = b(s) + 5*d(s). Let n be 6/(-15)*(-5)/1. Let i = n + 12. Calculate g(i).
2
Let d(v) be the third derivative of -v**5/40 + v**4/8 - v**3/3 - 28*v**2 - 1. Let z(k) be the first derivative of d(k). Give z(2).
-3
Let a be 2 - (1/(-1))/(-1). Let g(x) = a - 8*x + 3*x + 3 + 6*x. Let o = -7 - -3. Give g(o).
0
Let k(j) = 42*j**3 - 16*j**3 - j**2 - 11*j**3 - 16*j**3 - 3 + 15*j. What is k(4)?
-23
Let j(r) = r. Let v(h) = -2*h**3 + 3*h**2 + 4*h - 6. Let a be v(3). Let q = -9 - a. Suppose 6 = 2*f + q. Give j(f).
-3
Let f(b) be the second derivative of -b**5/20 + 7*b**4/6 + 26*b**3/3 - 11*b**2/2 - 156*b + 5. What is f(17)?
6
Let v(j) be the third derivative of j**4/12 - 8*j**3/3 + 1308*j**2. Determine v(4).
-8
Let g(m) = 2*m - 31. Let o(u) = u - 10. Let i = -59 + 56. Let x be (-14)/(1 - (3 - 0/i)). Let q(p) = x*o(p) - 2*g(p). What is q(6)?
10
Let s(z) = 355 - z - 1393 + 686 + 360. Suppose -2*w + 9 = w. Calculate s(w).
5
Let v(t) be the second derivative of 7*t**3/3 + 11*t - 2. What is v(0)?
0
Let i(w) = -2*w**2 + 695*w + 39744. Let n be i(-50). Let h(f) = 4*f - f - 6*f + 7. Determine h(n).
25
Let l = -15983 + 15977. Let s(j) = -5*j - 19. Determine s(l).
11
Let l(u) = 2*u**3 + 9*u**2 - 5*u + 2. Let c be l(-5). Suppose -34*w + 13 = -37*w + c*v, 0 = -4*w - 4*v + 16. Let g(o) = o. Determine g(w).
-1
Let j(i) = 5*i + 4*i**2 + 410 - 410 - i**3. Let p be j(5). Suppose -3*z + 4*l + 30 = 0, 2*l + l + 9 = p. Let r(o) = -4*o + 9. Give r(z).
-15
Let c(t) be the third derivative of t**6/120 - t**5/15 - 7*t**4/8 + 2*t**3/3 - 46*t**2 + 1. Calculate c(6).
-50
Let o(a) be the first derivative of 4*a**2 + 87*a + 11270. Calculate o(-5).
47
Let d(s) = 41*s**3 - 2*s**2 + 10*s - 7. Let r(q) = -33*q**3 + 3*q**2 - 10*q + 7. Let b(u) = -4*d(u) - 5*r(u). Let c be (15/(-6))/(5/(-12)). What is b(c)?
17
Let s(z) be the first derivative of -1/2*z**2 + 2*z - 92 + 2*z**3. Determine s(1).
7
Let g(u) = -4*u - 31. Let z be g(-8). Suppose 5*k = -2*l + 3, l - 1 = -2*k - 0*l. Let h(i) = -2*i - 6 - k + 4 + z. Determine h(-2).
2
Suppose r = -4 + 3. Let i(a) = 3*a - 1. Let s(n) = n - 1. Let u(k) = r*i(k) + 4*s(k). Suppose -4*v - w + 28 = 0, v = 4*v + w - 22. Determine u(v).
3
Let h be (-88)/(-154) + 8 + 285/(-21). Let z(b) = -3*b - 19. Let n(w) = w + 6. Let c(o) = 11*n(o) + 4*z(o). Determine c(h).
-5
Let k(u) be the third derivative of u**6/360 + u**5/20 - 3*u**4/8 - 35*u**3/6 + 105*u**2. Let m(v) be the first derivative of k(v). Determine m(-6).
-9
Let x(r) = r**3 + 3*r**2 + 4*r - 1. Let j(q) = 0*q + 38*q**3 - 40*q**3 - 2*q**2 + 2 - 5*q. Let o(i) = -2*j(i) - 3*x(i). Let b = -13 + 18. What is o(b)?
-11
Let u(h) = 6*h + 102. Suppose -3*x = 4*i + 92, -19 = i + x + 6. Determine u(i).
0
Let k(h) be the first derivative of 9*h**2/2 - h + 1616. Let z = -1 + 3. Calculate k(z).
17
Let o(u) = -u**2 + 2*u. Let h(s) = -2*s**2 + 8*s + 1. Let b be h(2). Suppose 3*c + 78 = b*c. Suppose 11 - c = m. Calculate o(m).
-8
Suppose f - 3 = -0. Let j(s) = 14*s**2 + 36*s + 11. Let v(u) = 2*u**2 + 7*u + 1. Let a(y) = j(y) - 6*v(y). What is a(f)?
5
Let k(g) = -7*g + 1. Let p be (-2)/2*(-15)/(-3) + 5. Suppose p = -0*i - 21*i + 42. Determine k(i).
-13
Let r be ((-4)/(-6 - -5))/(24/(-36)). Let w(t) = -5*t + 7. Calculate w(r).
37
Let k(r) be the second derivative of -r**4/12 + 4*r**3 + 38*r**2 + 95*r + 3. Determine k(27).
-5
Let u be 93/(-13) - -1 - 6/(-39). Let m be (-30)/15*u/4. Suppose m*z = -5 - 1. Let n(f) = -f - 1. Calculate n(z).
1
Let t(w) = -10*w**3 + 415840*w**2 - 415841*w**2 + 0 - 2*w - 1. Calculate t(-1).
10
Let f(s) = -8*s + 4. Let i be (266/21)/((-16)/(-24)). Suppose 0 = n + 4*b + 23 - i, -b - 20 = 5*n. Calculate f(n).
36
Let k(u) be the third derivative of -u**4/8 - 7*u**3/3 - 896*u**2. What is k(10)?
-44
Suppose f + f - 6 = 0. Let a(c) be the second derivative of 1/6*c**3 + 17*c - c**2 - 1. Give a(f).
1
Let l(j) be the third derivative of -j**5/30 - j**4/24 - j**3/2 - 3*j**2 - 413*j - 2. Suppose -2*z - 26 = -4*a, 3*a - 4*z = -0*a + 32. Calculate l(a).
-39
Let u = 804 + -817. Let c(y) = -15*y**3 + 13*y**2 + 26*y + 49. Let h(k) = 7*k**3 - 7*k**2 - 13*k - 24. Let j(v) = u*h(v) - 6*c(v). What is j(14)?
4
Let b = 308 - 284. Let v be 5/(30/b) - -1. Let r(n) = n**3 - 5*n**2 - 2*n + 1. Determine r(v).
-9
Let i(w) = -w + 87. Let z(g) = g - 93. Let c(q) = 12*i(q) + 11*z(q). Calculate c(21).
0
Let d(q) = -7*q - 10. Let a be d(-3). Let k(g) be the first derivative of g**4/4 - 11*g**3/3 + 2*g**2 - 14*g - 732. What is k(a)?
30
Let i(x) = -x**2 - 3*x - 2. Let z(j) = 29*j - 1282. Let c be z(44). Give i(c).
-20
Let r(b) = -27775*b + 27780*b - 1 - b**2 + 0. Suppose 4*x - 22 = -2. Give r(x).
-1
Let w(m) = -2*m**2 - 9*m + 7. Let x(r) = -r - 8. Let b be x(-3). Let a be w(b). Let z(h) = -4 - 4*h**a + 3*h**2 + 5*h + 13*h - 24*h. What is z(-5)?
1
Let i = -6209 - -6217. Let a(d) be the third derivative of -d**2 + 1/6*d**3 + 0 + 0*d - 1/24*d**4. Determine a(i).
-7
Let y(w) be the second derivative of -w**4/12 + 2*w**3/3 - w**2/2 + 7*w. Suppose -2*l - 55 = -3*r + 2*l, 0 = 5*r - 4*l - 81. Let b = -9 + r. Determine y(b).
-1
Let b(t) be the third derivative of -t**5/20 + 5*t**4/24 + 5*t**3/6 - 90*t**2. Let z(w) = 2*w**2 - 4*w - 3. Let l(n) = -5*b(n) - 7*z(n). Determine l(-5).
6
Let x(h) = 3*h**3 - 1. Let k(b) = -96*b - 97. Let m be k(-1). Calculate x(m).
-4
Let j(a) = -69 + 5*a + 14 - 64. What is j(25)?
6
Let b(v) be the first derivative of -20*v**2 - 18*v**2 + 4*v - 3*v + 34*v**2 - 132. Give b(1).
-7
Let z be 276/18 - 3/9. Let l(r) = -3*r + 2 + 2 + z + r. Give l(7).
5
Let j(f) be the third derivative of f**5/20 - 7*f**4/3 - 9*f**3/2 + 111*f**2 + 4. Determine j(19).
-8
Let y(f) = -9*f**2 + f. Let s(v) = -4*v**2 - 40*v - 31. Let w be s(-9). Suppose -3*h - c + 6 = 0, -w*c - 10 = -4*h - 7*c. What is y(h)?
-8
Let d(i) = -42*i - 844. Let g be d(-20). Let z(f) = 22*f + 106. What is z(g)?
18
Let h = -4192 + 4194. Let u(v) = -11*v - 6. Calculate u(h).
-28
Let w(s) = s**3 - 6*s**2 + 2*s - 12. Let i = -6779 + 6785. What is w(i)?
0
Let s(t) = -2*t + 24. Let b be s(10). Suppose 4*q - 16 = -b. Let h(g) = -q*g**2 - 3*g**3 + 4*g**3 + 3*g**2 - 6*g + 6*g**2. Give h(-7).
-7
Let g(k) be the first derivative of -k**4/4 - 8*k**3/3 + 10*k**2 + 5*k + 1417. Give g(-10).
5
Let m(a) be the second derivative of 3*a**3 + 9*a**2 - 3*a - 62. Let y(n) = -21*n - 17. Let x(l) = 6*m(l) + 5*y(l). What is x(-6)?
5
Let k = -12827 - -12831. Suppose 0 = -q - 5*o + 10 - 30, 8 = 4*q - 2*o. Suppose -k*n + 2*x = q, -2*n + 0*n = -4*x. Let l(f) = f - 9. Give l(n).
-9
Let q(g) = -5*g + 1. Suppose -55*p = -53*p + 6. Let h(i) = -6*i + 1. Let n(a) = p*h(a) + 4*q(a). Calculate n(2).
-3
Let c(z) = z**2 - 41*z + 123. Let b = 35538 + -35501. What is c(b)?
-25
Let v be 15/(-6)*(-20)/(-2 + 7). Let l be v/(-15)*3 - 3. Let s(i) = 6*i + i**3 + i**2 + 5 - 2*i**2 + 8*i**2 - i**2. What is s(l)?
0
Let b(r) = 4*r**3 + 16*r**2 - 20*r + 23. Let t(l) = 6*l**3 + 23*l**2 - 30*l + 38. Let a(w) = 8*b(w) - 5*t(w). Determine a(-7).
15
Let b = -125 - 50. Let n = 170 + b. Let m(d) = -d**3 - 6*d**2 - d + 2. Calculate m(n).
-18
Let p be (0 - (2 - 4)) + (0 - 0). Let i(q) = 3*q**2 - 9*q**p + 4*q - 4 + q**3 + 0*q**2. Suppose -x - 16 = -4*o + 5, 0 = 3*o - 2*x - 17. Give i(o).
-9
Let b(m) = -5*m - 10. Let u be (-3)/2*854/183. Determine b(u).
25
Let t(n) = -n**2 + 18*n + 68. Suppose -395*m - 24 = -392*m, 2*m + 58 = 2*v. Determine t(v).
5
Let x(n) be the second derivative of -21 - n + 1/12*n**4 - 2/3*n**3 - 5/2*n**2. Calculate x(8).
27
Let z(u) = -4*u**2 - 3*u + 1. Let w be (-68)/(-170) + (-26)/(-10). Suppose -w*o + 36 = -15*o. Give z(o).
-26
Let v(q) = -64*q - 184. Let c be (76/(-266)*7)/(4/6). Determine v(c).
8
Let u(h) = -h**2 + 11. Suppose -2*k + 19 = o, 51*o - 54*o = 12*k - 99. Calculate u(o).
-14
Let p = -38039 - -38046. Let g(r) = r - 13. Let n(z) = -z + 13. Let f(s) = 4*g(s) + 5*n(s). Calculate f(p).
6
Let n(x) = -24*x**3 - 2*x**2 + x. Let k be n(1). Let i = 11 + k. Let u = -8 - i. Let b(j) = -j**2 + 6*j - 6. Give b(u).
-6
Let j(m) be the third derivative of 17*m**4/24 + 39*m**3/2 - 19*m**2 - 50*m. Determine j(-6).
15
Let w(d) = -d. L